{"id":33,"date":"2017-12-31T18:07:08","date_gmt":"2017-12-31T18:07:08","guid":{"rendered":"http:\/\/zupnijanova.palcje.com\/?page_id=33"},"modified":"2026-05-10T16:50:48","modified_gmt":"2026-05-10T14:50:48","slug":"zupnijska-oznanila","status":"publish","type":"page","link":"https:\/\/www.ztz.rkc.si\/index.php\/zupnijska-oznanila\/","title":{"rendered":"\u017dupnijska oznanila"},"content":{"rendered":"<p><span style=\"font-size: 14pt;\">Preberite \u017dupnijska oznanila &#8211; glasilo \u017eupnij Trnje in Zagorje<\/span><\/p>\n<div class=\"art-postcontent clearfix\">\n<div class=\"art-article\">\n<p><span style=\"font-size: 14pt;\"><strong>Tukaj pa so dekanijska <a href=\"http:\/\/zupnija-postojna.rkc.si\/index.php\/content\/display\/157\/20\/20\" target=\"_blank\" rel=\"noopener noreferrer\">oznanila ZVONOVI:<\/a><\/strong><\/span><\/p>\n<p class=\"has-medium-font-size\"><span style=\"font-size: 14pt;\"><strong>Oznanila sosednjih \u017eupnij:<\/strong><\/span><\/p>\n<p class=\"has-medium-font-size\"><span style=\"font-size: 14pt;\"><a href=\"https:\/\/zupnija-pivka.rkc.si\/sample-page\/\">\u017dupniji Pivka in \u0160mihel<\/a><\/span><\/p>\n<p class=\"has-medium-font-size\"><span style=\"font-size: 14pt;\"><a href=\"https:\/\/zupnija-kosana.rkc.si\/index.php\/content\/display\/48\/20\/20\">\u017dupnija Ko\u0161ana<\/a><\/span><\/p>\n<hr \/>\n<p><span style=\"font-size: 14pt;\">\u017dupnijska oznanila nedelja, 10.05.2026: <a title=\"\u017dupnijska oznanila\" href=\"https:\/\/www.ztz.rkc.si\/dokumenti\/oznanila10-05-26.pdf\" rel=\"noopener noreferrer\">\u017dupnijska oznanila<\/a><\/span><\/p>\n<p><span style=\"font-size: 14pt;\">\u017dupnijska oznanila nedelja, 03.05.2026: <a title=\"\u017dupnijska oznanila\" href=\"https:\/\/www.ztz.rkc.si\/dokumenti\/oznanila03-05-26.pdf\" rel=\"noopener noreferrer\">\u017dupnijska oznanila<\/a><\/span><\/p>\n<p><span style=\"font-size: 14pt;\">\u017dupnijska oznanila nedelja, 26.04.2026: <a title=\"\u017dupnijska oznanila\" href=\"https:\/\/www.ztz.rkc.si\/dokumenti\/oznanila26-04-26.pdf\" rel=\"noopener noreferrer\">\u017dupnijska oznanila<\/a><\/span><\/p>\n<p><span style=\"font-size: 14pt;\">\u017dupnijska oznanila nedelja, 19.04.2026: <a title=\"\u017dupnijska oznanila\" href=\"https:\/\/www.ztz.rkc.si\/dokumenti\/oznanila19-04-26.pdf\" rel=\"noopener noreferrer\">\u017dupnijska oznanila<\/a><\/span><\/p>\n<p><span style=\"font-size: 14pt;\">\u017dupnijska oznanila nedelja, 12.04.2026: <a title=\"\u017dupnijska oznanila\" href=\"https:\/\/www.ztz.rkc.si\/dokumenti\/oznanila12-04-26.pdf\" rel=\"noopener noreferrer\">\u017dupnijska oznanila<\/a><\/span><\/p>\n<p><span style=\"font-size: 14pt;\">\u017dupnijska oznanila nedelja, 05.04.2026: <a title=\"\u017dupnijska oznanila\" href=\"https:\/\/www.ztz.rkc.si\/dokumenti\/oznanila05-04-26.pdf\" rel=\"noopener noreferrer\">\u017dupnijska oznanila<\/a><\/span><\/p>\n<p><span style=\"font-size: 14pt;\">\u017dupnijska oznanila nedelja, 29.03.2026: <a title=\"\u017dupnijska oznanila\" href=\"https:\/\/www.ztz.rkc.si\/dokumenti\/oznanila29-03-26.pdf\" rel=\"noopener noreferrer\">\u017dupnijska oznanila<\/a><\/span><\/p>\n<p><span style=\"font-size: 14pt;\">\u017dupnijska oznanila nedelja, 22.03.2026: <a title=\"\u017dupnijska oznanila\" href=\"https:\/\/www.ztz.rkc.si\/dokumenti\/oznanila22-03-26.pdf\" rel=\"noopener noreferrer\">\u017dupnijska oznanila<\/a><\/span><\/p>\n<p><span style=\"font-size: 14pt;\">\u017dupnijska oznanila nedelja, 15.03.2026: <a title=\"\u017dupnijska oznanila\" href=\"https:\/\/www.ztz.rkc.si\/dokumenti\/oznanila15-03-26.pdf\" rel=\"noopener noreferrer\">\u017dupnijska oznanila<\/a><\/span><\/p>\n<p><span style=\"font-size: 12pt;\"><span style=\"font-size: 14pt;\">\u017dupnijska oznanila nedelja, 08.03.2026: <\/span><a title=\"\u017dupnijska oznanila\" href=\"https:\/\/www.ztz.rkc.si\/dokumenti\/oznanila08-03-26.pdf\" rel=\"noopener noreferrer\"><span style=\"font-size: 14pt;\">\u017dupnijska oznanila<\/span><\/a><\/span><\/p>\n<p><span style=\"font-size: 14pt;\">\u017dupnijska oznanila nedelja, 01.03.2026: <a title=\"\u017dupnijska oznanila\" href=\"https:\/\/www.ztz.rkc.si\/dokumenti\/oznanila01-03-26.pdf\" rel=\"noopener noreferrer\">\u017dupnijska oznanila<\/a><\/span><\/p>\n<p><span style=\"font-size: 14pt;\">\u017dupnijska oznanila nedelja, 22.02.2026: <a title=\"\u017dupnijska oznanila\" href=\"https:\/\/www.ztz.rkc.si\/dokumenti\/oznanila22-02-26.pdf\" rel=\"noopener noreferrer\">\u017dupnijska oznanila<\/a><\/span><\/p>\n<p><span style=\"font-size: 14pt;\">\u017dupnijska oznanila nedelja, 15.02.2026: <a title=\"\u017dupnijska oznanila\" href=\"https:\/\/www.ztz.rkc.si\/dokumenti\/oznanila15-02-26.pdf\" rel=\"noopener noreferrer\">\u017dupnijska oznanila<\/a> \u00a0\u00a0\u00a0\u00a0\u00a0\u00a0\u00a0\u00a0\u00a0\u00a0\u00a0\u00a0in <a href=\"https:\/\/www.ztz.rkc.si\/dokumenti\/Post_2026.pdf\">Postno branje 2026<\/a><\/span><\/p>\n<p><span style=\"font-size: 14pt;\">\u017dupnijska oznanila nedelja, 08.02.2026: <a title=\"\u017dupnijska oznanila\" href=\"https:\/\/www.ztz.rkc.si\/dokumenti\/oznanila08-02-26.pdf\" rel=\"noopener noreferrer\">\u017dupnijska oznanila<\/a><\/span><\/p>\n<p><span style=\"font-size: 14pt;\">\u017dupnijska oznanila nedelja, 01.02.2026: <a title=\"\u017dupnijska oznanila\" href=\"https:\/\/www.ztz.rkc.si\/dokumenti\/oznanila01-02-26.pdf\" rel=\"noopener noreferrer\">\u017dupnijska oznanila<\/a><\/span><\/p>\n<p><span style=\"font-size: 14pt;\">\u017dupnijska oznanila nedelja, 25.01.2026: <a title=\"\u017dupnijska oznanila\" href=\"https:\/\/www.ztz.rkc.si\/dokumenti\/oznanila25-01-26.pdf\" rel=\"noopener noreferrer\">\u017dupnijska oznanila<\/a><\/span><\/p>\n<p><span style=\"font-size: 14pt;\">\u017dupnijska oznanila nedelja, 18.01.2026: <a title=\"\u017dupnijska oznanila\" href=\"https:\/\/www.ztz.rkc.si\/dokumenti\/oznanila18-01-26.pdf\" rel=\"noopener noreferrer\">\u017dupnijska oznanila<\/a><\/span><\/p>\n<p><span style=\"font-size: 14pt;\">\u017dupnijska oznanila nedelja, 11.01.2026: <a title=\"\u017dupnijska oznanila\" href=\"https:\/\/www.ztz.rkc.si\/dokumenti\/oznanila11-01-26.pdf\" rel=\"noopener noreferrer\">\u017dupnijska oznanila<\/a><\/span><\/p>\n<p><span style=\"font-size: 14pt;\">\u017dupnijska oznanila nedelja, 04.01.2026: <a title=\"\u017dupnijska oznanila\" href=\"https:\/\/www.ztz.rkc.si\/dokumenti\/oznanila04-01-26.pdf\" rel=\"noopener noreferrer\">\u017dupnijska oznanila<\/a><\/span><\/p>\n<p><span style=\"font-size: 14pt;\">\u017dupnijska oznanila nedelja, 28.12.2025: <a title=\"\u017dupnijska oznanila\" href=\"https:\/\/www.ztz.rkc.si\/dokumenti\/oznanila28-12-25.pdf\" rel=\"noopener noreferrer\">\u017dupnijska oznanila<\/a><\/span><\/p>\n<\/div>\n<\/div>\n","protected":false},"excerpt":{"rendered":"<p>Preberite \u017dupnijska oznanila &#8211; glasilo \u017eupnij Trnje in Zagorje Tukaj pa so dekanijska oznanila ZVONOVI: Oznanila sosednjih \u017eupnij: \u017dupniji Pivka in \u0160mihel \u017dupnija Ko\u0161ana \u017dupnijska oznanila nedelja, 10.05.2026: \u017dupnijska oznanila \u017dupnijska oznanila nedelja, 03.05.2026: \u017dupnijska oznanila \u017dupnijska oznanila nedelja, 26.04.2026: \u017dupnijska oznanila \u017dupnijska oznanila nedelja, 19.04.2026: \u017dupnijska oznanila \u017dupnijska oznanila nedelja, 12.04.2026: \u017dupnijska oznanila \u017dupnijska <a class=\"read-more\" href=\"https:\/\/www.ztz.rkc.si\/index.php\/zupnijska-oznanila\/\">Preberi ve\u010d<\/a><\/p>\n","protected":false},"author":2,"featured_media":339,"parent":0,"menu_order":0,"comment_status":"closed","ping_status":"closed","template":"","meta":{"footnotes":""},"class_list":["post-33","page","type-page","status-publish","has-post-thumbnail","hentry"],"_links":{"self":[{"href":"https:\/\/www.ztz.rkc.si\/index.php\/wp-json\/wp\/v2\/pages\/33","targetHints":{"allow":["GET"]}}],"collection":[{"href":"https:\/\/www.ztz.rkc.si\/index.php\/wp-json\/wp\/v2\/pages"}],"about":[{"href":"https:\/\/www.ztz.rkc.si\/index.php\/wp-json\/wp\/v2\/types\/page"}],"author":[{"embeddable":true,"href":"https:\/\/www.ztz.rkc.si\/index.php\/wp-json\/wp\/v2\/users\/2"}],"replies":[{"embeddable":true,"href":"https:\/\/www.ztz.rkc.si\/index.php\/wp-json\/wp\/v2\/comments?post=33"}],"version-history":[{"count":421,"href":"https:\/\/www.ztz.rkc.si\/index.php\/wp-json\/wp\/v2\/pages\/33\/revisions"}],"predecessor-version":[{"id":3153,"href":"https:\/\/www.ztz.rkc.si\/index.php\/wp-json\/wp\/v2\/pages\/33\/revisions\/3153"}],"wp:featuredmedia":[{"embeddable":true,"href":"https:\/\/www.ztz.rkc.si\/index.php\/wp-json\/wp\/v2\/media\/339"}],"wp:attachment":[{"href":"https:\/\/www.ztz.rkc.si\/index.php\/wp-json\/wp\/v2\/media?parent=33"}],"curies":[{"name":"wp","href":"https:\/\/api.w.org\/{rel}","templated":true}]}}