{"id":29,"date":"2017-12-31T18:05:22","date_gmt":"2017-12-31T18:05:22","guid":{"rendered":"http:\/\/zupnijanova.palcje.com\/?page_id=29"},"modified":"2026-04-12T11:02:47","modified_gmt":"2026-04-12T09:02:47","slug":"urnik-sv-mas","status":"publish","type":"page","link":"https:\/\/www.ztz.rkc.si\/index.php\/urnik-sv-mas\/","title":{"rendered":"Urnik sv. ma\u0161"},"content":{"rendered":"<p><img loading=\"lazy\" decoding=\"async\" class=\"alignnone size-full wp-image-3124\" src=\"https:\/\/www.ztz.rkc.si\/wp-content\/uploads\/2026\/04\/Posnetek-zaslona-2026-04-12-102346.png\" alt=\"\" width=\"716\" height=\"365\" srcset=\"https:\/\/www.ztz.rkc.si\/wp-content\/uploads\/2026\/04\/Posnetek-zaslona-2026-04-12-102346.png 716w, https:\/\/www.ztz.rkc.si\/wp-content\/uploads\/2026\/04\/Posnetek-zaslona-2026-04-12-102346-300x153.png 300w\" sizes=\"auto, (max-width: 716px) 100vw, 716px\" \/><\/p>\n<p><span style=\"color: #ff0000;\"><strong><span style=\"font-size: 14pt;\">&#8211; Svete ma\u0161e naro\u010date pri \u017eupniku Marjanu. Uradne ure v Pivki so ob ponedeljkih in torkih od 10. do 12. ure. V tem \u010dasu lahko pokli\u010dete tudi po telefonu: 041\/906-242.<\/span><\/strong><\/span><\/p>\n","protected":false},"excerpt":{"rendered":"<p>&#8211; Svete ma\u0161e naro\u010date pri \u017eupniku Marjanu. Uradne ure v Pivki so ob ponedeljkih in torkih od 10. do 12. ure. V tem \u010dasu lahko pokli\u010dete tudi po telefonu: 041\/906-242.<\/p>\n","protected":false},"author":2,"featured_media":1337,"parent":0,"menu_order":0,"comment_status":"closed","ping_status":"closed","template":"","meta":{"footnotes":""},"class_list":["post-29","page","type-page","status-publish","has-post-thumbnail","hentry"],"_links":{"self":[{"href":"https:\/\/www.ztz.rkc.si\/index.php\/wp-json\/wp\/v2\/pages\/29","targetHints":{"allow":["GET"]}}],"collection":[{"href":"https:\/\/www.ztz.rkc.si\/index.php\/wp-json\/wp\/v2\/pages"}],"about":[{"href":"https:\/\/www.ztz.rkc.si\/index.php\/wp-json\/wp\/v2\/types\/page"}],"author":[{"embeddable":true,"href":"https:\/\/www.ztz.rkc.si\/index.php\/wp-json\/wp\/v2\/users\/2"}],"replies":[{"embeddable":true,"href":"https:\/\/www.ztz.rkc.si\/index.php\/wp-json\/wp\/v2\/comments?post=29"}],"version-history":[{"count":426,"href":"https:\/\/www.ztz.rkc.si\/index.php\/wp-json\/wp\/v2\/pages\/29\/revisions"}],"predecessor-version":[{"id":3125,"href":"https:\/\/www.ztz.rkc.si\/index.php\/wp-json\/wp\/v2\/pages\/29\/revisions\/3125"}],"wp:featuredmedia":[{"embeddable":true,"href":"https:\/\/www.ztz.rkc.si\/index.php\/wp-json\/wp\/v2\/media\/1337"}],"wp:attachment":[{"href":"https:\/\/www.ztz.rkc.si\/index.php\/wp-json\/wp\/v2\/media?parent=29"}],"curies":[{"name":"wp","href":"https:\/\/api.w.org\/{rel}","templated":true}]}}